{"id":43912,"date":"2021-02-03T18:56:51","date_gmt":"2021-02-03T16:56:51","guid":{"rendered":"https:\/\/culibel.be\/listings\/restaurant-retro\/"},"modified":"2025-07-11T15:44:38","modified_gmt":"2025-07-11T13:44:38","slug":"restaurant-retro","status":"publish","type":"job_listing","link":"https:\/\/culibel.be\/fr\/listings\/restaurant-retro\/","title":{"rendered":"Restaurant Retro"},"content":{"rendered":"<p><strong><span style=\"color: #000000; font-size: 12pt;\">Une oasis culinaire \u00e0 Izegem<\/span><\/strong><br \/>\n<span style=\"color: #000000; font-size: 12pt;\">Depuis plus de 33 ans, le Restaurant Retro est une valeur s\u00fbre \u00e0 la p\u00e9riph\u00e9rie d\u2019Izegem. Entour\u00e9 de verdure, de calme et d\u2019animaux charmants \u2013 paons, lapins, canards \u2013 on se croirait en vacances&#8230; quelque part en Provence. <\/span><br \/>\n<span style=\"color: #000000; font-size: 12pt;\">Notre passion ? Vous choyer avec un savoir-faire authentique et des plats pr\u00e9par\u00e9s avec des produits frais du march\u00e9.<\/span><br \/>\n<span style=\"color: #000000; font-size: 12pt;\">Venez savourer la vraie cuisine et l\u2019accueil chaleureux.<\/span><\/p>\n<p><span style=\"color: #000000; font-size: 12pt; font-family: verdana, geneva, sans-serif;\">Nous vous souhaitons la bienvenue.<\/span><\/p>\n<p><em><span class=\"small\" style=\"font-family: verdana, geneva, sans-serif; color: #000000; font-size: 12pt;\"><span class=\"large\"><span class=\"special\">Guy, Mathieu Deneweth &#8211; Matton et leur \u00e9quipe<\/span><\/span><\/span><\/em><\/p>\n","protected":false},"featured_media":19314,"comment_status":"open","ping_status":"open","template":"","meta":{"ngg_post_thumbnail":0,"_job_location":"Meensestraat 159, 8870 Izegem","_company_website":"http:\/\/www.restaurantretro.be","_company_tagline":"D\u00e9couvrir la Provence \u00e0 Izegem","_company_twitter":"","_company_video":"","_filled":0},"job-categories":[683,686],"job-types":[],"job_listing_amenity":[702,692],"job_listing_region":[714],"job_listing_tag":[41,294],"acf":[],"yoast_head":"<!-- This site is optimized with the Yoast SEO plugin v21.4 - https:\/\/yoast.com\/wordpress\/plugins\/seo\/ -->\n<title>Restaurant Retro<\/title>\n<meta name=\"robots\" content=\"index, follow, max-snippet:-1, max-image-preview:large, max-video-preview:-1\" \/>\n<link rel=\"canonical\" href=\"https:\/\/culibel.be\/fr\/listings\/restaurant-retro\/\" \/>\n<meta property=\"og:locale\" content=\"fr_FR\" \/>\n<meta property=\"og:type\" content=\"article\" \/>\n<meta property=\"og:title\" content=\"Restaurant Retro\" \/>\n<meta property=\"og:description\" content=\"Une oasis culinaire \u00e0 Izegem Depuis plus de 33 ans, le Restaurant Retro est une valeur s\u00fbre \u00e0 la p\u00e9riph\u00e9rie d\u2019Izegem. Entour\u00e9 de verdure, de calme et d\u2019animaux charmants \u2013 paons, lapins, canards \u2013 on se croirait en vacances&#8230; quelque part en Provence. Notre passion ? Vous choyer avec un savoir-faire authentique et des plats &hellip; Continue reading Restaurant Retro\" \/>\n<meta property=\"og:url\" content=\"https:\/\/culibel.be\/fr\/listings\/restaurant-retro\/\" \/>\n<meta property=\"og:site_name\" content=\"Culibel\" \/>\n<meta property=\"article:publisher\" content=\"https:\/\/www.facebook.com\/Culibel\" \/>\n<meta property=\"article:modified_time\" content=\"2025-07-11T13:44:38+00:00\" \/>\n<meta property=\"og:image\" content=\"https:\/\/culibel.be\/wp-content\/uploads\/2020\/12\/D754044-AF-Fotografie2-1-1-1-1.jpg\" \/>\n\t<meta property=\"og:image:width\" content=\"1124\" \/>\n\t<meta property=\"og:image:height\" content=\"750\" \/>\n\t<meta property=\"og:image:type\" content=\"image\/jpeg\" \/>\n<meta name=\"twitter:card\" content=\"summary_large_image\" \/>\n<meta name=\"twitter:label1\" content=\"Dur\u00e9e de lecture estim\u00e9e\" \/>\n\t<meta name=\"twitter:data1\" content=\"1 minute\" \/>\n<script type=\"application\/ld+json\" class=\"yoast-schema-graph\">{\"@context\":\"https:\/\/schema.org\",\"@graph\":[{\"@type\":\"WebPage\",\"@id\":\"https:\/\/culibel.be\/fr\/listings\/restaurant-retro\/\",\"url\":\"https:\/\/culibel.be\/fr\/listings\/restaurant-retro\/\",\"name\":\"Restaurant Retro\",\"isPartOf\":{\"@id\":\"https:\/\/culibel.be\/fr\/#website\"},\"datePublished\":\"2021-02-03T16:56:51+00:00\",\"dateModified\":\"2025-07-11T13:44:38+00:00\",\"breadcrumb\":{\"@id\":\"https:\/\/culibel.be\/fr\/listings\/restaurant-retro\/#breadcrumb\"},\"inLanguage\":\"fr-FR\",\"potentialAction\":[{\"@type\":\"ReadAction\",\"target\":[\"https:\/\/culibel.be\/fr\/listings\/restaurant-retro\/\"]}]},{\"@type\":\"BreadcrumbList\",\"@id\":\"https:\/\/culibel.be\/fr\/listings\/restaurant-retro\/#breadcrumb\",\"itemListElement\":[{\"@type\":\"ListItem\",\"position\":1,\"name\":\"Home\",\"item\":\"https:\/\/culibel.be\/fr\/\"},{\"@type\":\"ListItem\",\"position\":2,\"name\":\"Listings\",\"item\":\"https:\/\/culibel.be\/fr\/listings\/\"},{\"@type\":\"ListItem\",\"position\":3,\"name\":\"Restaurant Retro\"}]},{\"@type\":\"WebSite\",\"@id\":\"https:\/\/culibel.be\/fr\/#website\",\"url\":\"https:\/\/culibel.be\/fr\/\",\"name\":\"Culibel\",\"description\":\"De Kunst Van Het Tafelen\",\"publisher\":{\"@id\":\"https:\/\/culibel.be\/fr\/#organization\"},\"potentialAction\":[{\"@type\":\"SearchAction\",\"target\":{\"@type\":\"EntryPoint\",\"urlTemplate\":\"https:\/\/culibel.be\/fr\/?s={search_term_string}\"},\"query-input\":\"required name=search_term_string\"}],\"inLanguage\":\"fr-FR\"},{\"@type\":\"Organization\",\"@id\":\"https:\/\/culibel.be\/fr\/#organization\",\"name\":\"Culibel\",\"url\":\"https:\/\/culibel.be\/fr\/\",\"logo\":{\"@type\":\"ImageObject\",\"inLanguage\":\"fr-FR\",\"@id\":\"https:\/\/culibel.be\/fr\/#\/schema\/logo\/image\/\",\"url\":\"https:\/\/culibel.be\/wp-content\/uploads\/2021\/05\/Culibel_logo-nogbg.png\",\"contentUrl\":\"https:\/\/culibel.be\/wp-content\/uploads\/2021\/05\/Culibel_logo-nogbg.png\",\"width\":485,\"height\":310,\"caption\":\"Culibel\"},\"image\":{\"@id\":\"https:\/\/culibel.be\/fr\/#\/schema\/logo\/image\/\"},\"sameAs\":[\"https:\/\/www.facebook.com\/Culibel\"]}]}<\/script>\n<!-- \/ Yoast SEO plugin. -->","yoast_head_json":{"title":"Restaurant Retro","robots":{"index":"index","follow":"follow","max-snippet":"max-snippet:-1","max-image-preview":"max-image-preview:large","max-video-preview":"max-video-preview:-1"},"canonical":"https:\/\/culibel.be\/fr\/listings\/restaurant-retro\/","og_locale":"fr_FR","og_type":"article","og_title":"Restaurant Retro","og_description":"Une oasis culinaire \u00e0 Izegem Depuis plus de 33 ans, le Restaurant Retro est une valeur s\u00fbre \u00e0 la p\u00e9riph\u00e9rie d\u2019Izegem. Entour\u00e9 de verdure, de calme et d\u2019animaux charmants \u2013 paons, lapins, canards \u2013 on se croirait en vacances&#8230; quelque part en Provence. Notre passion ? Vous choyer avec un savoir-faire authentique et des plats &hellip; Continue reading Restaurant Retro","og_url":"https:\/\/culibel.be\/fr\/listings\/restaurant-retro\/","og_site_name":"Culibel","article_publisher":"https:\/\/www.facebook.com\/Culibel","article_modified_time":"2025-07-11T13:44:38+00:00","og_image":[{"width":1124,"height":750,"url":"https:\/\/culibel.be\/wp-content\/uploads\/2020\/12\/D754044-AF-Fotografie2-1-1-1-1.jpg","type":"image\/jpeg"}],"twitter_card":"summary_large_image","twitter_misc":{"Dur\u00e9e de lecture estim\u00e9e":"1 minute"},"schema":{"@context":"https:\/\/schema.org","@graph":[{"@type":"WebPage","@id":"https:\/\/culibel.be\/fr\/listings\/restaurant-retro\/","url":"https:\/\/culibel.be\/fr\/listings\/restaurant-retro\/","name":"Restaurant Retro","isPartOf":{"@id":"https:\/\/culibel.be\/fr\/#website"},"datePublished":"2021-02-03T16:56:51+00:00","dateModified":"2025-07-11T13:44:38+00:00","breadcrumb":{"@id":"https:\/\/culibel.be\/fr\/listings\/restaurant-retro\/#breadcrumb"},"inLanguage":"fr-FR","potentialAction":[{"@type":"ReadAction","target":["https:\/\/culibel.be\/fr\/listings\/restaurant-retro\/"]}]},{"@type":"BreadcrumbList","@id":"https:\/\/culibel.be\/fr\/listings\/restaurant-retro\/#breadcrumb","itemListElement":[{"@type":"ListItem","position":1,"name":"Home","item":"https:\/\/culibel.be\/fr\/"},{"@type":"ListItem","position":2,"name":"Listings","item":"https:\/\/culibel.be\/fr\/listings\/"},{"@type":"ListItem","position":3,"name":"Restaurant Retro"}]},{"@type":"WebSite","@id":"https:\/\/culibel.be\/fr\/#website","url":"https:\/\/culibel.be\/fr\/","name":"Culibel","description":"De Kunst Van Het Tafelen","publisher":{"@id":"https:\/\/culibel.be\/fr\/#organization"},"potentialAction":[{"@type":"SearchAction","target":{"@type":"EntryPoint","urlTemplate":"https:\/\/culibel.be\/fr\/?s={search_term_string}"},"query-input":"required name=search_term_string"}],"inLanguage":"fr-FR"},{"@type":"Organization","@id":"https:\/\/culibel.be\/fr\/#organization","name":"Culibel","url":"https:\/\/culibel.be\/fr\/","logo":{"@type":"ImageObject","inLanguage":"fr-FR","@id":"https:\/\/culibel.be\/fr\/#\/schema\/logo\/image\/","url":"https:\/\/culibel.be\/wp-content\/uploads\/2021\/05\/Culibel_logo-nogbg.png","contentUrl":"https:\/\/culibel.be\/wp-content\/uploads\/2021\/05\/Culibel_logo-nogbg.png","width":485,"height":310,"caption":"Culibel"},"image":{"@id":"https:\/\/culibel.be\/fr\/#\/schema\/logo\/image\/"},"sameAs":["https:\/\/www.facebook.com\/Culibel"]}]}},"_links":{"self":[{"href":"https:\/\/culibel.be\/fr\/wp-json\/wp\/v2\/job-listings\/43912"}],"collection":[{"href":"https:\/\/culibel.be\/fr\/wp-json\/wp\/v2\/job-listings"}],"about":[{"href":"https:\/\/culibel.be\/fr\/wp-json\/wp\/v2\/types\/job_listing"}],"replies":[{"embeddable":true,"href":"https:\/\/culibel.be\/fr\/wp-json\/wp\/v2\/comments?post=43912"}],"wp:featuredmedia":[{"embeddable":true,"href":"https:\/\/culibel.be\/fr\/wp-json\/wp\/v2\/media\/19314"}],"wp:attachment":[{"href":"https:\/\/culibel.be\/fr\/wp-json\/wp\/v2\/media?parent=43912"}],"wp:term":[{"taxonomy":"job_listing_category","embeddable":true,"href":"https:\/\/culibel.be\/fr\/wp-json\/wp\/v2\/job-categories?post=43912"},{"taxonomy":"job_listing_type","embeddable":true,"href":"https:\/\/culibel.be\/fr\/wp-json\/wp\/v2\/job-types?post=43912"},{"taxonomy":"job_listing_amenity","embeddable":true,"href":"https:\/\/culibel.be\/fr\/wp-json\/wp\/v2\/job_listing_amenity?post=43912"},{"taxonomy":"job_listing_region","embeddable":true,"href":"https:\/\/culibel.be\/fr\/wp-json\/wp\/v2\/job_listing_region?post=43912"},{"taxonomy":"job_listing_tag","embeddable":true,"href":"https:\/\/culibel.be\/fr\/wp-json\/wp\/v2\/job_listing_tag?post=43912"}],"curies":[{"name":"wp","href":"https:\/\/api.w.org\/{rel}","templated":true}]}}

<p><strong><span style="color: #000000; font-size: 12pt;">Une oasis culinaire à Izegem</span></strong><br />
<span style="color: #000000; font-size: 12pt;">Depuis plus de 33 ans, le Restaurant Retro est une valeur sûre à la périphérie d’Izegem. Entouré de verdure, de calme et d’animaux charmants – paons, lapins, canards – on se croirait en vacances&#8230; quelque part en Provence. </span><br />
<span style="color: #000000; font-size: 12pt;">Notre passion ? Vous choyer avec un savoir-faire authentique et des plats préparés avec des produits frais du marché.</span><br />
<span style="color: #000000; font-size: 12pt;">Venez savourer la vraie cuisine et l’accueil chaleureux.</span></p>
<p><span style="color: #000000; font-size: 12pt; font-family: verdana, geneva, sans-serif;">Nous vous souhaitons la bienvenue.</span></p>
<p><em><span class="small" style="font-family: verdana, geneva, sans-serif; color: #000000; font-size: 12pt;"><span class="large"><span class="special">Guy, Mathieu Deneweth &#8211; Matton et leur équipe</span></span></span></em></p>

Découvrir la Provence à Izegem

<!-- This site is optimized with the Yoast SEO plugin v21.4 - https://yoast.com/wordpress/plugins/seo/ -->
<title>Restaurant Retro</title>
<meta name="robots" content="index, follow, max-snippet:-1, max-image-preview:large, max-video-preview:-1" />
<link rel="canonical" href="https://culibel.be/fr/listings/restaurant-retro/" />
<meta property="og:locale" content="fr_FR" />
<meta property="og:type" content="article" />
<meta property="og:title" content="Restaurant Retro" />
<meta property="og:description" content="Une oasis culinaire à Izegem Depuis plus de 33 ans, le Restaurant Retro est une valeur sûre à la périphérie d’Izegem. Entouré de verdure, de calme et d’animaux charmants – paons, lapins, canards – on se croirait en vacances&#8230; quelque part en Provence. Notre passion ? Vous choyer avec un savoir-faire authentique et des plats &hellip; Continue reading Restaurant Retro" />
<meta property="og:url" content="https://culibel.be/fr/listings/restaurant-retro/" />
<meta property="og:site_name" content="Culibel" />
<meta property="article:publisher" content="https://www.facebook.com/Culibel" />
<meta property="article:modified_time" content="2025-07-11T13:44:38+00:00" />
<meta property="og:image" content="https://culibel.be/wp-content/uploads/2020/12/D754044-AF-Fotografie2-1-1-1-1.jpg" />
	<meta property="og:image:width" content="1124" />
	<meta property="og:image:height" content="750" />
	<meta property="og:image:type" content="image/jpeg" />
<meta name="twitter:card" content="summary_large_image" />
<meta name="twitter:label1" content="Durée de lecture estimée" />
	<meta name="twitter:data1" content="1 minute" />
<script type="application/ld+json" class="yoast-schema-graph">{"@context":"https://schema.org","@graph":[{"@type":"WebPage","@id":"https://culibel.be/fr/listings/restaurant-retro/","url":"https://culibel.be/fr/listings/restaurant-retro/","name":"Restaurant Retro","isPartOf":{"@id":"https://culibel.be/fr/#website"},"datePublished":"2021-02-03T16:56:51+00:00","dateModified":"2025-07-11T13:44:38+00:00","breadcrumb":{"@id":"https://culibel.be/fr/listings/restaurant-retro/#breadcrumb"},"inLanguage":"fr-FR","potentialAction":[{"@type":"ReadAction","target":["https://culibel.be/fr/listings/restaurant-retro/"]}]},{"@type":"BreadcrumbList","@id":"https://culibel.be/fr/listings/restaurant-retro/#breadcrumb","itemListElement":[{"@type":"ListItem","position":1,"name":"Home","item":"https://culibel.be/fr/"},{"@type":"ListItem","position":2,"name":"Listings","item":"https://culibel.be/fr/listings/"},{"@type":"ListItem","position":3,"name":"Restaurant Retro"}]},{"@type":"WebSite","@id":"https://culibel.be/fr/#website","url":"https://culibel.be/fr/","name":"Culibel","description":"De Kunst Van Het Tafelen","publisher":{"@id":"https://culibel.be/fr/#organization"},"potentialAction":[{"@type":"SearchAction","target":{"@type":"EntryPoint","urlTemplate":"https://culibel.be/fr/?s={search_term_string}"},"query-input":"required name=search_term_string"}],"inLanguage":"fr-FR"},{"@type":"Organization","@id":"https://culibel.be/fr/#organization","name":"Culibel","url":"https://culibel.be/fr/","logo":{"@type":"ImageObject","inLanguage":"fr-FR","@id":"https://culibel.be/fr/#/schema/logo/image/","url":"https://culibel.be/wp-content/uploads/2021/05/Culibel_logo-nogbg.png","contentUrl":"https://culibel.be/wp-content/uploads/2021/05/Culibel_logo-nogbg.png","width":485,"height":310,"caption":"Culibel"},"image":{"@id":"https://culibel.be/fr/#/schema/logo/image/"},"sameAs":["https://www.facebook.com/Culibel"]}]}</script>
<!-- / Yoast SEO plugin. -->

Une oasis culinaire à Izegem Depuis plus de 33 ans, le Restaurant Retro est une valeur sûre à la périphérie d’Izegem. Entouré de verdure, de calme et d’animaux charmants – paons, lapins, canards – on se croirait en vacances&#8230; quelque part en Provence. Notre passion ? Vous choyer avec un savoir-faire authentique et des plats &hellip; Continue reading Restaurant Retro
